ors of c.
3, 5
Let v(u) = -u**3 - 9*u**2 - 9*u - 3. Let x(o) = -3*o - 2. Let j be x(-2). Suppose -2*r - 11 = 5*i, -j*i = r - 2*i + 6. List the prime factors of v(r).
5
Suppose -4*c - 3*o + 4*o - 7 = 0, 0 = 2*c - 4*o + 14. Let d(h) = 0 - 13*h + 1 + 0. What are the prime factors of d(c)?
2, 7
Suppose 4*k = -2*q + 2*k + 6, -2*q - k + 4 = 0. Let p = 5 - q. What are the prime factors of p?
2
Suppose 3*f - 2*w = 345, f + 6*w - 3*w = 115. List the prime factors of f.
5, 23
Suppose 4*w + 15 = 4*b + 3, 0 = -4*b - w - 8. List the prime factors of (-40)/b - (6 - 7).
41
Suppose 4*f + 10 = -f. Let s = -2 - f. Suppose s*g = 5*g - 20. What are the prime factors of g?
2
Suppose -1278 = 15*b - 3918. List the prime factors of b.
2, 11
Let k = -73 + 160. Let i = 127 - k. Suppose 3*x - i = -x. List the prime factors of x.
2, 5
Suppose 0 = -2*c + 4*c - 2*u, 0 = -4*c + 3*u. Suppose -5*r = -v - 12, -3*v + r + 2*r - 12 = c. Let p(z) = -6*z + 2. What are the prime factors of p(v)?
2, 7
Let w(p) be the second derivative of 19*p**4/12 - p**3/6 + p**2 + 2*p. List the prime factors of w(1).
2, 5
Let t(g) = -g**2 - 2*g + 2. Let k(w) = -3*w**2 - 6*w + 5. Let o(x) = -6*k(x) + 17*t(x). List the prime factors of o(-3).
7
Let m = -1 - 2. Let x be (-6)/(-18) - 1/3. Let z = x - m. What are the prime factors of z?
3
Let f be (-9 + 1)*(-4)/8. Let v be (-2)/f - (-9)/6. Let s = 13 - v. List the prime factors of s.
2, 3
Let h be (21/14)/(6/16). Suppose 25 + 7 = h*j. What are the prime factors of j?
2
What are the prime factors of 3*2*(-7)/(-21)?
2
Let m = -7 + 5. Let u be m/(-6) - (-16)/6. Let d = 3 + u. List the prime factors of d.
2, 3
Suppose -4*a + 202 = 78. List the prime factors of a.
31
Let s = -7 + 11. Suppose 5*g + s*z + 11 = 41, -g - 5*z - 15 = 0. Let p = g + -5. What are the prime factors of p?
5
Let a = -5 - -9. Suppose 10 = -2*t, 39 = a*n - 3*t - 4. What are the prime factors of n?
7
Suppose 0 = -4*k + 4*c - 9*c + 278, -80 = -k + 4*c. Suppose -k = -5*j + j. What are the prime factors of j?
2, 3
What are the prime factors of (-3 + -6)*(-2)/9?
2
Suppose -3*x = -41 + 5. List the prime factors of (-3)/(-4) - (-183)/x.
2
Let v = -1 - 2. Let i be 12/v + 2 + 0. List the prime factors of (-1 - (-9)/i)*-2.
11
Suppose -2*o = -10 - 10. Suppose 2*p - o = 12. What are the prime factors of p?
11
Let z(u) = u**2 - 4*u + 3. List the prime factors of z(-4).
5, 7
Suppose -3*g - 970 = -7*g - 2*t, -3*g + 2*t + 724 = 0. List the prime factors of g.
2, 11
List the prime factors of (2 - 275/20)*-4.
47
Let w = 62 + -17. List the prime factors of w.
3, 5
Suppose 0 = -c - 4*r + 9, -2*c + c - 3*r = -13. What are the prime factors of c?
5
Let s(j) = -72*j - 3. Let t be s(-3). Suppose 21 = -3*c - t. What are the prime factors of ((-12)/18)/(4/c)?
13
Let m be (-6 - -3)/(1/(-3)). Let f be 2/m + (-25)/(-9). Suppose 3*b - f*w = 21, -w - w = 5*b - 49. What are the prime factors of b?
3
Let w(d) = -d + 39. Let i be w(0). Let s = 20 - 19. What are the prime factors of 4*i/12*s?
13
Let t(o) = o**2 + 4*o + 8. Let i be t(-6). Let b = -12 + i. What are the prime factors of b?
2
What are the prime factors of 205/15 + 4/(-6)?
13
Suppose 0 = 3*g + 2*g + 45. What are the prime factors of (6/g)/((-1)/12)?
2
Suppose 9 + 6 = 5*r. Suppose 3*y = w - 19, r*w - 2*y - 57 = -0*w. What are the prime factors of w*(-1)/1*-1?
19
Suppose -3*d - 5*q - 1 = -17, 2*d + 2*q - 8 = 0. Suppose d*n - 3 = 7. List the prime factors of n.
5
List the prime factors of (-8)/(-28)*-1*-7.
2
Let n = 2 - 14. Let x = n + 21. List the prime factors of x.
3
Suppose 4*l = -0*l - 168. Let y = -1 - l. What are the prime factors of y?
41
List the prime factors of 22/4 + 7/14.
2, 3
Suppose q - 10 = -0*q. Suppose -4*o - q = -6*o. Suppose 0*r + 4*l + 16 = 2*r, 40 = o*r - 2*l. What are the prime factors of r?
2
Let j(t) = -2*t. Let a be j(-6). List the prime factors of (a/9)/((-6)/(-36)).
2
Let i be (8/(-10))/(3/45). Suppose -b - 2*b - 315 = 0. What are the prime factors of b/i + 2/8?
3
Suppose -4*o - 5*z = -10, 3*o - z = 7*o - 2. Suppose o = -i + 1, i - 3*i = 4*y - 38. What are the prime factors of y?
3
Suppose 0*j - 2*j + 212 = 4*y, -2*j + 205 = -3*y. What are the prime factors of j?
2, 13
Suppose 0 = -4*k + 2*k + 6. Suppose 0 = -3*l - z + 27 + 72, -5*l + 165 = k*z. List the prime factors of l.
3, 11
Suppose 0 = z - 3*u - 2, -5*z + 3*u + 10 = 7*u. Suppose z*q = 7 + 9. List the prime factors of q.
2
Suppose -37 = -8*i + 7*i. Suppose 0 = -6*h + i + 29. What are the prime factors of h?
11
What are the prime factors of 2/(-5) - (17576/(-40) + 10)?
3, 11, 13
Let f be 18/5 - (-2)/5. Let k be -1 + (-7)/(7/(-54)). Suppose 3*j = 3, -k = -9*x + f*x + 2*j. What are the prime factors of x?
11
Suppose 0*c - 3*c + 3*a = -15, -5*a - 15 = -4*c. What are the prime factors of c?
2, 5
Suppose 996 = 5*u + 201. What are the prime factors of u/7 + (-14)/(-49)?
23
Let d = 11 + -35. Let h = 34 + d. Suppose 4*w = h + 6. What are the prime factors of w?
2
Let f(c) = -7 + c**3 + 3 + 0*c - 3*c + 5*c**2. What are the prime factors of f(-5)?
11
Let l = 28 - 13. Let u = 2 - l. What are the prime factors of 2 - (u + 1 - -2)?
2, 3
List the prime factors of (-1*1 + 97)/(33 + -32).
2, 3
Suppose -3*q - 45 = -r + 3, -3*q - 93 = -2*r. List the prime factors of r.
3, 5
Let t be ((-18)/15)/(3/(-10)). Suppose 9*y - t*y = -100. Let j = y + 29. What are the prime factors of j?
3
What are the prime factors of ((-42)/70)/(1/(-55))?
3, 11
Let o(j) = j**3 + 7*j**2 + 7. Let i be o(-6). Suppose -2*y + i = 17. What are the prime factors of y?
13
Suppose 312 + 141 = 3*q. What are the prime factors of q?
151
Let k(y) = 4*y + 1. Let c(r) = -r. Let x(w) = -3*c(w) - k(w). Let m be x(-2). List the prime factors of (-2)/(m + 18/(-16)).
2
Suppose 2 = 2*h - 30. Let b = h + 9. List the prime factors of b.
5
Let d(v) be the third derivative of v**6/120 + 11*v**5/60 + 7*v**4/12 + 5*v**3/3 - v**2. List the prime factors of d(-9).
2, 23
Let p = -5 + 8. Suppose 1 = 2*m - 5*d, 0*m - 5*d - 14 = -p*m. List the prime factors of m.
13
Let m(a) be the second derivative of -a**5/20 - a**4/3 - a**3/2 + 3*a**2/2 + 9*a. What are the prime factors of m(-5)?
43
Let r(h) = -3*h**3 + 7*h**2 - 3*h - 49. Let p(a) = 2*a**3 - 4*a**2 + 2*a + 25. Let i(d) = -5*p(d) - 3*r(d). What are the prime factors of i(0)?
2, 11
Let n(x) = -x**3 - 4*x**2 + x - 5. Let b(v) = -v**3 - v + 2. Let y be b(0). Let m be 2*(-2 + (-1)/y). What are the prime factors of n(m)?
3, 5
Let i = -27 - -70. What are the prime factors of i?
43
Let a(m) = -m**2 - 10*m - 4. Let t be a(-10). Let s = t + 8. Suppose 0*n + 52 = 4*w - n, -3*w = -s*n - 52. What are the prime factors of w?
2, 3
Let m(j) = j - 3*j**2 + 6 + 2*j**2 + 8*j. Let c = 113 + -105. What are the prime factors of m(c)?
2, 7
Let m(p) = p**3 - 4*p**2 - p + 5. Let r be m(4). Suppose 0 = -2*g + 17 + r. What are the prime factors of g?
3
What are the prime factors of (39 - 0)/(4 + -3)?
3, 13
Let j = -85 + 141. Suppose 2*h + j = 3*m, -h + 5*h - 108 = -5*m. What are the prime factors of m?
2, 5
Let p(w) = w**2 + 10. What are the prime factors of p(8)?
2, 37
Let w = 13 - 7. What are the prime factors of (-1)/(-2) + 87/w?
3, 5
Let c be (-2)/(-4) + (-15)/(-10). Suppose -c*l + 7 = -4*u + l, -3*l = -3*u - 9. List the prime factors of u.
2
Suppose -3 = n, s + 3*n = -n - 8. Suppose 7*o - 12 = s*o - 4*j, -2*j - 6 = 0. List the prime factors of o.
2
Let u be (2 - -1) + 2 + -4. Let v be -2 - (1 - 6)*u. Suppose 0 = v*p - 9 - 24. What are the prime factors of p?
11
Suppose 2*y = 2 + 4. List the prime factors of 81*((-20)/(-6) - y).
3
Suppose -40 = -d - 3*g + 84, -4*d + 2*g = -524. What are the prime factors of d?
2, 5, 13
Suppose 2*q + 8 = 3*q. List the prime factors of q.
2
Suppose -2*m + 228 = 2*m. Let f = -30 + m. List the prime factors of f.
3
Let g = -7 + 12. Suppose 5*q - g*m + 72 + 78 = 0, -q = 2*m + 39. List the prime factors of (q - 0)*2/(-6).
11
Let n(k) = 9*k - 2. Let b be n(6). List the prime factors of (b/6)/(28/42).
13
Let s(o) = 4*o**2 - 3*o + 2. Suppose 8 = 4*x - 2*h - 4, -20 = -5*x + 5*h. What are the prime factors of s(x)?
2, 3
List the prime factors of 4/(-2)*(-26)/4.
13
Suppose l + 24 = -l. Let j be (6/(-2))/(2/(-14)). Let s = l + j. List the prime factors of s.
3
Let b = 25 - 52. Let k = -12 - b. List t